t is j(339)?
-7
Let w(u) = -2*u**3 + 16*u**2 + 14*u - 67. What is w(12)?
-1051
Let d(i) = -3*i**2 + 45149*i + 1629240. Determine d(-36).
-12
Let m(o) = 22026*o - 44206. Give m(2).
-154
Let f(a) = 28*a**3 - 2289*a**2 - 577*a + 141. Calculate f(82).
-105
Let c(k) = 2*k**3 - 369*k**2 - 2867*k - 2503. Give c(192).
-7
Let g(v) = 798*v - 630. Calculate g(2).
966
Let o(b) = -2*b**3 - 2*b**2 + 323*b - 1743. Calculate o(-15).
-288
Let g(m) = 3*m**3 - 2*m**2 + 1725*m + 1723. Give g(-1).
-7
Let m(y) = y**2 - 2683*y - 1243645. Determine m(-403).
13
Let f(q) = 3*q**2 + 419*q - 138366. What is f(156)?
6
Let u(q) = -970*q + 152303. Give u(157).
13
Let r(x) = -x**3 - 30*x**2 - 778*x - 8289. Calculate r(-15).
6
Let h(w) = 19*w**2 - 7461*w + 12482. Calculate h(391).
-30
Let q(j) = -984*j - 33455. Determine q(-34).
1
Let l(p) = p**2 - 1616*p - 37827. What is l(-23)?
-130
Let r(u) = 4*u**2 - 1851*u + 80736. Give r(414).
6
Let h(t) = -3*t**3 - 1390*t**2 - 7309*t + 8704. What is h(-458)?
2
Let b(s) = -5*s**3 + 31*s**2 - 138*s + 486. What is b(5)?
-54
Let x(g) = 27*g**3 - 2*g**2 - 15*g + 17. What is x(1)?
27
Let l(h) = -3014*h - 632941. Give l(-210).
-1
Let s(n) = -n**2 + 1390*n - 455491. Determine s(861).
-22
Let d(t) = -391*t - 31760. Calculate d(-81).
-89
Let q(d) = 4312*d + 64675. What is q(-15)?
-5
Let a(d) = -5*d**2 - 212*d - 2144. Calculate a(-13).
-233
Let j(k) = -67296*k - 672967. Give j(-10).
-7
Let i(h) = -h**3 + 19*h**2 + 1046*h - 17535. Determine i(16).
-31
Let r(g) = g**3 - 10*g**2 - 284*g + 2000. Calculate r(7).
-135
Let v(w) = -3*w**3 + 78*w**2 - 357*w + 2053. What is v(22)?
7
Let d(n) = -n**2 + 580*n - 3409. Calculate d(6).
35
Let v(l) = 9*l**2 - 3519*l - 172263. Determine v(-44).
-3
Let t(h) = 8*h**2 - 611*h + 8570. Give t(58).
44
Let g(i) = 8*i**2 - 1861*i - 11191. What is g(-6)?
263
Let k(r) = 2*r**2 + 1037*r + 133678. Give k(-241).
-77
Let w(n) = -3*n**3 - 186*n**2 - 37*n - 2551. Give w(-62).
-257
Let v(d) = -d**3 - 18*d**2 + 2726*d + 55997. Give v(-21).
74
Let n(g) = g**2 - 104*g + 759. Calculate n(92).
-345
Let h(l) = -6*l**3 + 62*l**2 - 165*l + 50. Determine h(5).
25
Let k(g) = 22*g**2 + 838*g - 7880. Determine k(8).
232
Let q(f) = -5*f**3 + 131*f**2 - 33*f + 391. What is q(26)?
209
Let b(l) = 9176*l + 128650. What is b(-14)?
186
Let f(w) = -w**2 + 526*w - 68866. Determine f(253).
203
Let g(k) = k**3 + 2*k**2 + 2221*k - 18. Determine g(0).
-18
Let w(c) = 101*c**2 - 88079*c + 6103. Determine w(872).
-1
Let n(g) = -2*g**2 - 7498*g - 22576. Calculate n(-3).
-100
Let a(y) = -774*y + 565029. Give a(730).
9
Let b(z) = -z**2 - 9524*z - 341644. Calculate b(-36).
-76
Let c(m) = -m**2 - 12893*m + 297051. Determine c(23).
-17
Let c(o) = -2*o**3 - 18*o**2 - 3*o + 92. Calculate c(-6).
-106
Let d(i) = -907771*i - 9077731. What is d(-10)?
-21
Let i(f) = -241130*f - 964514. Give i(-4).
6
Let y(d) = 5*d**3 - 565*d**2 + 247*d - 27905. Determine y(113).
6
Let i(d) = -2*d**3 - 2889*d**2 + 5755*d + 56. Calculate i(2).
-6
Let x(f) = 46*f - 1423. Calculate x(13).
-825
Let j(b) = -2*b**3 - 228*b**2 + 3582*b - 189. Give j(-128).
67
Let q(i) = 3*i**3 - 133*i**2 + 79*i + 262. Give q(44).
1802
Let f(y) = -2*y**3 + 94*y**2 + 173*y - 8436. Calculate f(47).
-305
Let q(z) = -12*z**3 - 816*z**2 - z - 320. What is q(-68)?
-252
Let g(s) = -4040*s + 497105. Determine g(123).
185
Let n(t) = 4*t**3 - 70*t**2 + 307*t + 19. What is n(6)?
205
Let x(m) = 101*m**2 - 132*m - 209. What is x(-2)?
459
Let o(p) = 3*p**3 + 922*p**2 + 304*p - 667. Give o(-307).
254
Let o(s) = s**2 + 3803*s + 75649. Determine o(-20).
-11
Let u(z) = -2*z**2 - 59423*z - 237667. Determine u(-4).
-7
Let a(x) = 18*x**3 - 161*x**2 + 168*x - 286. Calculate a(8).
-30
Let g(u) = -u**3 + 48*u**2 - 179*u + 1996. Calculate g(45).
16
Let v(t) = 609*t + 65595. What is v(-107)?
432
Let x(o) = 1841*o - 482364. Give x(262).
-22
Let j(l) = -6091*l + 280144. Calculate j(46).
-42
Let u(f) = -f**3 + 136*f**2 + 105*f + 23628. Give u(138).
30
Let g(w) = -3*w**2 - 1102*w + 38351. Calculate g(32).
15
Let a(v) = 2*v**3 + 3*v**2 + 1853*v + 12908. What is a(-7)?
-602
Let t(v) = 2*v**3 + 712*v**2 + 2098*v - 6787. What is t(-353)?
273
Let u(q) = -q**2 + 305*q - 5941. What is u(21)?
23
Let r(o) = -218405*o - 3057695. What is r(-14)?
-25
Let c(g) = 11*g**2 - 13393*g - 411697. Calculate c(-30).
-7
Let w(y) = -10463*y - 62546. Calculate w(-6).
232
Let b(s) = -763*s - 273915. Give b(-359).
2
Let d(v) = 3*v**2 + 2320*v + 20629. Give d(-9).
-8
Let w(o) = -2*o**3 - 154*o**2 - 17*o + 1018. Determine w(-77).
2327
Let x(j) = -677*j**2 + 38593*j - 167. What is x(57)?
61
Let c(a) = -193*a + 45365. Determine c(236).
-183
Let p(o) = 1249*o - 5196. What is p(4)?
-200
Let n(h) = -793*h**2 + 2138*h - 93. Determine n(3).
-816
Let c(s) = -16*s + 105. What is c(-1)?
121
Let o(v) = -38*v - 7490. Calculate o(-196).
-42
Let p(w) = -w**3 - 517*w**2 + 3129*w - 4715. Give p(-523).
-8
Let x(q) = 10*q**2 - 36*q - 1726. Calculate x(-26).
5970
Let q(n) = -7469*n + 433120. Calculate q(58).
-82
Let k(b) = -9*b**2 + 17*b + 75. Give k(-5).
-235
Let z(k) = -453*k - 90610. Calculate z(-200).
-10
Let g(l) = 332*l - 1428. Calculate g(8).
1228
Let q(n) = 2*n**2 - 62*n - 3809. Determine q(-32).
223
Let t(f) = -4*f**2 + 2291*f + 46716. Determine t(-20).
-704
Let k(d) = -10*d**2 + 1748*d + 112957. Give k(225).
7
Let m(a) = -4893*a**2 + 44023*a + 120. Give m(9).
-6
Let d(q) = q**3 - 48*q**2 + 1248*q - 5163. Calculate d(5).
2
Let t(q) = -575*q**2 + 173074*q + 299. What is t(301)?
-2
Let t(a) = -35*a**2 + 460*a - 187. What is t(15)?
-1162
Let k(m) = -29*m**2 + 1529*m - 474. Give k(52).
618
Let l(g) = -g**2 - 104972*g + 839826. Determine l(8).
-14
Let p(v) = v**3 - 39*v**2 - 123*v + 3314. What is p(40)?
-6
Let z(b) = -14*b - 1355. Give z(-54).
-599
Let c(y) = -18*y**2 - 142*y - 690. Calculate c(-5).
-430
Let i(d) = d**3 - 3*d**2 - 5526*d + 116493. What is i(23)?
-25
Let x(k) = 146898*k - 6463503. Determine x(44).
9
Let u(c) = -45*c**2 + 10412*c - 10415. What is u(1)?
-48
Let c(q) = 13407*q + 683759. Give c(-51).
2
Let s(h) = 2*h**2 - 727*h + 4601. What is s(7)?
-390
Let d(a) = 28*a**3 + 2271*a**2 + 26465*a - 9. What is d(-67)?
-9
Let n(d) = 5*d**3 - 40*d**2 + 223*d - 733. Calculate n(5).
7
Let v(d) = 30*d**2 - 1809*d - 135. What is v(61)?
1146
Let k(c) = 13996*c - 196846. What is k(14)?
-902
Let u(n) = -n**3 + 29*n**2 + 16*n + 209. What is u(31)?
-1217
Let x(h) = 38*h**2 - 474*h + 394. What is x(11)?
-222
Let d(q) = -q**3 + 18*q**2 - 16116*q + 192605. Calculate d(12).
77
Let t(z) = 56*z**3 + 22*z + 62. Calculate t(-3).
-1516
Let g(n) = -27*n**2 - 172*n + 35. Calculate g(-6).
95
Let z(d) = 13*d**2 + 9355*d + 46445. Determine z(-5).
-5
Let w(b) = -501182*b + 52122931. Determine w(104).
3
Let s(f) = -77*f - 11181. Determine s(-140).
-401
Let f(j) = -3*j**3 - 39*j**2 + 294*j + 3659. What is f(-13)?
-163
Let p(k) = 550*k + 584685. Calculate p(-1063).
35
Let l(q) = 2225*q - 28938. Calculate l(13).
-13
Let y(o) = 7*o - 284. Calculate y(25).
-109
Let f(a) = -2*a**3 - 28*a**2 + 33*a + 223. Determine f(-20).
4363
Let h(i) = -106*i - 1824. What is h(-18)?
84
Let p(m) = m**2 - 1479*m - 684210. Calculate p(-370).
-80
Let c(n) = 2*n**3 + 200*n**2 - 2205*n - 684. Determine c(-110).
-134
Let v(b) = -46*b**2 - 2495*b - 493. Determine v(-54).
101
Let t(m) = 19715*m + 80015. Determine t(-4).
1155
Let h(g) = 43*g**3 - 53*g**2 - 62*g - 4. What is h(2)?
4
Let n(j) = 175*j - 2295. Calculate n(23).
1730
Let a(k) = -2*k**2 - 46*k + 1252. Calculate a(20).
-468
Let w(l) = 19*l**2 - 41*l + 2444. Give w(0).
2444
Let n(v) = -23*v + 120. Give n(22).
-386
Let f(v) = 4870*v + 73056. Determine f(-15).
6
Let j(s) = -2547685*s - 30572222. What is j(-12)?
-2
Let z(k) = 512*k - 38916. What is z(76)?
-4
Let n(s) = -s**2 - 960*s - 27017. What is n(-29)?
-18
Let f(u) = 631*u + 11985. Determine f(-19).
-4
Let b(l) = l**2 + 5960*l + 740790. What is b(-127)?
-1
Let b(t) = 222869*t + 891505. Give b(-4).
29
Let f(s) = 12*s**2 - 484*s + 518. What is f(39)?
-106
Let j(h) = -294*h + 1278. Calculate j(3).
396
Let k(c) = 8*c**2 - 86*c - 257. What is k(12)?
-137
Let g(h) = -3*h**2 + 147*h + 4175. Determine g(69).
35
Let b(w) = -6116*w + 30692. Determine b(5).
112
Let w(z) = z**2 + 851*z + 164015. Determine w(-295).
-5
Let j(g) = 7